 ten thousands digit of 479878576?
7
What is the tens digit of 176526610?
1
What is the hundreds digit of 8181299?
2
What is the tens digit of 23747105?
0
What is the ten millions digit of 97251623?
9
What is the hundred thousands digit of 373800551?
8
What is the units digit of 729779557?
7
What is the thousands digit of 1016909383?
9
What is the hundred thousands digit of 317644070?
6
What is the millions digit of 8936756239?
6
What is the units digit of 1287287120?
0
What is the ten millions digit of 589355599?
8
What is the millions digit of 287105467?
7
What is the hundreds digit of 38012001?
0
What is the billions digit of 2323769396?
2
What is the thousands digit of 3616701?
6
What is the ten thousands digit of 9442165965?
6
What is the thousands digit of 1930648371?
8
What is the units digit of 3093719238?
8
What is the millions digit of 32851699?
2
What is the hundreds digit of 6256358854?
8
What is the thousands digit of 1027840198?
0
What is the hundreds digit of 64614322?
3
What is the ten thousands digit of 24725973?
2
What is the hundreds digit of 60919705?
7
What is the tens digit of 986398554?
5
What is the thousands digit of 6117501641?
1
What is the billions digit of 2559495436?
2
What is the thousands digit of 77135797?
5
What is the ten thousands digit of 40773864?
7
What is the hundreds digit of 5234734?
7
What is the tens digit of 363113642?
4
What is the hundred thousands digit of 3134128282?
1
What is the thousands digit of 192689271?
9
What is the thousands digit of 901531443?
1
What is the tens digit of 80392177?
7
What is the tens digit of 1038733114?
1
What is the units digit of 1224684309?
9
What is the thousands digit of 4556412132?
2
What is the hundred thousands digit of 4657350?
6
What is the units digit of 166747791?
1
What is the hundred millions digit of 489027058?
4
What is the units digit of 9848337?
7
What is the units digit of 483450109?
9
What is the hundred thousands digit of 577448?
5
What is the millions digit of 37204484?
7
What is the hundred thousands digit of 982876440?
8
What is the tens digit of 1656564152?
5
What is the millions digit of 131067158?
1
What is the hundred thousands digit of 147321885?
3
What is the hundreds digit of 385899466?
4
What is the ten millions digit of 699200623?
9
What is the hundreds digit of 31002665?
6
What is the millions digit of 1813994791?
3
What is the millions digit of 1003624119?
3
What is the ten thousands digit of 12141990?
4
What is the tens digit of 96469117?
1
What is the thousands digit of 14015317?
5
What is the tens digit of 135562504?
0
What is the millions digit of 4482314994?
2
What is the billions digit of 3348490887?
3
What is the millions digit of 205328674?
5
What is the ten thousands digit of 1186805135?
0
What is the millions digit of 222339616?
2
What is the thousands digit of 126088151?
8
What is the ten thousands digit of 2616466371?
6
What is the ten thousands digit of 737467420?
6
What is the thousands digit of 1456715555?
5
What is the thousands digit of 101672816?
2
What is the hundred thousands digit of 123660423?
6
What is the units digit of 1101376448?
8
What is the thousands digit of 2671242907?
2
What is the hundreds digit of 90879637?
6
What is the ten thousands digit of 227948662?
4
What is the tens digit of 2543363459?
5
What is the tens digit of 374514?
1
What is the tens digit of 3790694357?
5
What is the hundred millions digit of 256656920?
2
What is the hundreds digit of 276829623?
6
What is the ten millions digit of 1019243886?
1
What is the thousands digit of 244085379?
5
What is the ten millions digit of 2013739334?
1
What is the tens digit of 3124274044?
4
What is the hundreds digit of 278156822?
8
What is the thousands digit of 90023799?
3
What is the units digit of 50597751?
1
What is the hundreds digit of 52583836?
8
What is the ten thousands digit of 78774611?
7
What is the hundred thousands digit of 94341675?
3
What is the hundred thousands digit of 153534950?
5
What is the hundred thousands digit of 93730453?
7
What is the hundred thousands digit of 274430635?
4
What is the ten thousands digit of 249905603?
0
What is the ten thousands digit of 128494186?
9
What is the units digit of 426896548?
8
What is the hundred millions digit of 3467125284?
4
What is the hundreds digit of 2060956990?
9
What is the tens digit of 485616567?
6
What is the hundred millions digit of 2957112061?
9
What is the units digit of 270241388?
8
What is the units digit of 42988020?
0
What is the tens digit of 3180219?
1
What is the ten thousands digit of 122059397?
5
What is the hundreds digit of 6115206?
2
What is the hundred thousands digit of 6427355?
4
What is the millions digit of 42536970?
2
What is the hundred millions digit of 1491204603?
4
What is the hundred thousands digit of 3104788582?
7
What is the units digit of 121418259?
9
What is the units digit of 25640507?
7
What is the hundreds digit of 442929591?
5
What is the tens digit of 1193179257?
5
What is the thousands digit of 180691217?
1
What is the ten thousands digit of 232971185?
7
What is the ten thousands digit of 4270579335?
7
What is the thousands digit of 511792711?
2
What is the tens digit of 25738626?
2
What is the millions digit of 39699664?
9
What is the ten millions digit of 1247103615?
4
What is the hundreds digit of 67618850?
8
What is the units digit of 69262020?
0
What is the units digit of 2501142432?
2
What is the units digit of 557187868?
8
What is the units digit of 8251996531?
1
What is the ten millions digit of 43063182?
4
What is the thousands digit of 1528744071?
4
What is the hundred thousands digit of 45285508?
2
What is the thousands digit of 705435854?
5
What is the units digit of 405183109?
9
What is the hundred thousands digit of 587604758?
6
What is the hundreds digit of 49335538?
5
What is the ten thousands digit of 47360183?
6
What is the thousands digit of 723988530?
8
What is the hundred millions digit of 1232992162?
2
What is the millions digit of 112519542?
2
What is the hundred thousands digit of 3852422435?
4
What is the ten thousands digit of 29757259?
5
What is the hundred thousands digit of 685582590?
5
What is the ten thousands digit of 25262315?
6
What is the millions digit of 33081334?
3
What is the hundred millions digit of 3537853109?
5
What is the thousands digit of 437644658?
4
What is the hundred millions digit of 386516864?
3
What is the ten thousands digit of 59833266?
3
What is the ten millions digit of 187328426?
8
What is the billions digit of 3110684075?
3
What is the tens digit of 1822104608?
0
What is the units digit of 747374443?
3
What is the hundred millions digit of 168757972?
1
What is the hundred thousands digit of 124125718?
1
What is the hundred thousands digit of 47932543?
9
What is the millions digit of 479674936?
9
What is the hundreds digit of 306476841?
8
What is the units digit of 78234461?
1
What is the ten thousands digit of 13433241?
3
What is the hundred thousands digit of 473114588?
1
What is the hundreds digit of 368764627?
6
What is the units digit of 1948694857?
7
What is the units digit of 5234249223?
3
What is the units digit of 54957225?
5
What is the hundreds digit of 67542423?
4
What is the thousands digit of 974915482?
5
What is the hundreds digit of 74566684?
6
What is the tens digit of 672493020?
2
What is the units digit of 316068659?
9
What is the billions digit of 1314968301?
1
What is the tens digit of 2811793363?
6
What is the units digit of 866298601?
1
What is the hundred thousands digit of 795672905?
6
What is the hundred thousands digit of 39464049?
4
What is the ten millions digit of 139644730?
3
What is the hundred thousands digit of 1498469126?
4
What is the ten millions digit of 1080689916?
8
What is the thousands digit of 972704917?
4
What is the ten millions digit of 314391889?
1
What is the hundreds digit of 133010104?
1
What is the tens digit of 102943856?
5
What is the hundred thousands digit of 39524434?
5
What is the hundred millions digit of 262542203?
2
What is the ten thousands digit of 1025340?
2
What is the hundred millions digit of 1823596538?
8
What is the units digit of 22696734?
4
What is the units digit of 22455666?
6
What is the ten millions digit of 29